= v**2 + v + 1. Let r = 3 + -1. Let q be b(r). Let j(f) = -f**3 + 6*f**2 + 9*f - 9. What is the units digit of j(q)?
5
Let j(b) = -2*b - 3*b**2 + 3*b + 3 - b**3 + 6*b**2. Let i be (-2)/6 - 100/(-30). What is the units digit of j(i)?
6
Suppose 0 = -3*u - g + 1, 0 = 5*u - 0*u + 4*g + 3. Suppose -b + 5*n = 2 - 9, n = -u. Suppose -b*q + 3 = -1. What is the units digit of q?
2
Suppose 8*d + w = 9*d - 269, 272 = d - 4*w. What is the hundreds digit of d?
2
Let c(u) = -u + 10. Let a be (4/(-6))/((-7)/63). Let f be c(a). Suppose 5*i + 7*j - f*j - 73 = 0, -5*i + 3*j = -67. What is the tens digit of i?
1
What is the hundreds digit of (-1165)/(-10)*(-5 + 7)?
2
Let v be -2*13*(-4)/(-8). Let j = v + 21. What is the units digit of j?
8
Let d be 1/1 + 1 + -5. What is the units digit of (-15)/10*56/d?
8
Suppose 112*k = 114*k - 512. What is the units digit of k?
6
Let z(h) = 7*h. Let j(t) = 20*t + 1. Let f(w) = 4*j(w) - 11*z(w). Let q be f(-6). What is the units digit of ((-6)/(-5))/(q/(-105))?
9
Let v(i) = -i**3 + 5*i**2 + i - 2. Let r be v(5). Let f be -4*((-9)/r + 2). Suppose -40 = -f*x + 2*x. What is the units digit of x?
0
Suppose z + 38 = 4*z - 4*v, 2*v + 68 = 5*z. What is the tens digit of z?
1
Suppose -3*b - 5*z + 166 = -0*z, -b + 59 = -2*z. What is the units digit of b?
7
Let f be 4/(-18) + (-86)/18. What is the units digit of (2/f)/((-2)/10)?
2
Let a = -14 - -8. Let f(g) = g**2 + 5*g - 4. Let p be f(a). Suppose p = 5*l - 3. What is the units digit of l?
1
Let k(m) = -m**3 + 8*m**2 - 7*m + 2. Let y be k(7). Suppose -z = -y*z + 39. What is the tens digit of z?
3
Let q = 5 - -1. Let v = 4 + -1. Let w = q - v. What is the units digit of w?
3
Suppose -10 + 4 = -3*y. Let l(k) = 7 + k**2 + 2*k**2 - 4*k**y - 5*k. What is the units digit of l(-5)?
7
Suppose 5*t + j + 0*j - 33 = 0, -t - 9 = -5*j. Suppose 0 = 2*m + 4*s - 42, 2*m = t*m - 3*s - 117. Let z = 42 - m. What is the tens digit of z?
1
Let r(d) = d**2 + 13*d - 1. Suppose 5 = -t - 9. What is the tens digit of r(t)?
1
Suppose -6*w = -3*w + 6. Let m be (5 - 5)/(w/1). Suppose 3*r - 4*r + 9 = m. What is the units digit of r?
9
Let t(z) = 3 + 4 - 6 + 4 + 4*z. Let n be t(-8). Let g = n - -45. What is the units digit of g?
8
Suppose -24 + 8 = -q. What is the units digit of 33*(3 - q/6)?
1
Let j(f) = -4*f. Let u(z) = -z**2 + 2*z - 2. Let p(a) = a**3 + 10*a**2 + 10*a + 11. Let o be p(-9). Let i be u(o). What is the units digit of j(i)?
8
Suppose y + 6 - 13 = 0. What is the units digit of y?
7
Let j = -47 + 33. What is the tens digit of ((-21)/j)/(2/52)?
3
Let u = 27 - 48. Let c = 52 - 84. Let z = u - c. What is the units digit of z?
1
Let q = 7 + -6. Let a be 5*18/2*q. What is the units digit of 2/(-9) + 370/a?
8
Let r(c) = 2*c**2. Let q be r(-1). Let m(s) = s**3 - 2*s**2 + 2*s. Let k be m(q). Suppose -5*f - 8 = -3*f + k*p, -4*f + 4*p = -32. What is the units digit of f?
4
Suppose -a - a - 4 = 0. Let c be (a/4)/((-1)/(-38)). Let r = 28 + c. What is the units digit of r?
9
Suppose 62*k = 66*k - 584. What is the hundreds digit of k?
1
Let c be 1 + 1 + 0/(-3). Suppose -4*a + 0*q + q = -13, -a = c*q + 8. What is the units digit of 0 - a - -1 - -6?
5
Let d = 0 + 4. Suppose -4*y = 3*i - 2*y - 20, 2*i = -d*y + 8. What is the units digit of i?
8
Suppose 0 = 2*n - 19 - 9. What is the units digit of n?
4
Let d = -2 + 5. What is the tens digit of (-1)/d - (-124)/12?
1
Suppose -y + 5 = -2*m - 2, 3*m = -y - 8. Let h be 8/2 + (y - 1). Suppose 2*v = 4*v - h. What is the units digit of v?
2
Suppose -3*j = 5*t - 29, -3*j + 2*t + 1 = -0*t. Suppose 0 = -f - 5*d + 10, f - 5*d - 15 = -j*f. What is the units digit of f?
5
Suppose -3*o + 5*u = -0*u - 4, 0 = 3*u - 3. Suppose 57 = o*g + 9. What is the tens digit of g?
1
What is the tens digit of 1 + (-1 - 2) - -40?
3
Let c(b) = 15*b + 0*b**2 + 0 - b**2 + 4 - 3. What is the units digit of c(6)?
5
Let d be 2 + 1*(4 + 2). Suppose -o + 5*o = d. Suppose 3*w - o*u - 3 = 0, -2*u + 0*u = -6. What is the units digit of w?
3
Suppose 0 = 16*c - 14*c - 294. What is the units digit of c?
7
Let x be (-3)/(-9) + 17/3. Let m be (7/(-3))/((-1)/x). Suppose 5*i = 3*t - 2, -3*t + t - 3*i = -m. What is the units digit of t?
4
Let c(q) = -5 - 5*q + 3*q - 2*q. What is the tens digit of c(-4)?
1
Suppose -y + 4*y + 337 = 4*t, 2*t = 5*y + 151. What is the units digit of t?
8
Let t(a) = -4*a**3 - 3*a**2 + 4*a + 2. Let f(c) = 3*c**3 + 2*c**2 - 3*c - 1. Let y(u) = 3*f(u) + 2*t(u). Suppose 2*h + 4 = 4*h. What is the units digit of y(h)?
7
Let i = 25 - 26. What is the tens digit of (3/(-9))/(i/99)?
3
Let g = 61 - -32. What is the units digit of g?
3
Let h = 85 + 68. What is the tens digit of h?
5
Suppose 0 = 2*d - 4 + 14, 3*r + 5*d = 155. Let m be (-2)/(-4) - r/(-8). Suppose -m*q - 5*z = -3*q - 5, 5*z + 19 = -q. What is the units digit of q?
6
Suppose -11*r + 225 = 16. What is the units digit of r?
9
Let r be 14/1 + 2/(-1). Let s = r + -8. Suppose -4*z - z + 20 = 5*c, -2*z = -s. What is the units digit of c?
2
Let p(y) = 2*y + 8. Let d be p(-8). Suppose -2*a + 4*l + 4 = a, 2*a + 5*l = 41. What is the units digit of ((-10)/d)/(2/a)?
5
Let w(t) = t**2 + 3*t. Let m(g) = -g**3 + g**2 - 5. Let d be m(0). What is the tens digit of w(d)?
1
Suppose 0 = 3*p + d - 272, -636 = -5*p - 3*d - 188. What is the tens digit of p?
9
Suppose 0 = -t + 3, 6*a + 168 = 7*a - 4*t. What is the hundreds digit of a?
1
Let o be (96/(-30))/(4/(-10)). Let q be (0 - 2)/(-3 - -2). Suppose 0 = 5*k - 2*x + x - 13, x - o = -q*k. What is the units digit of k?
3
Let p(x) = -2*x**3 + 27*x**2 - 5*x - 24. What is the units digit of p(13)?
0
Let i be (0 + 1)/(3/(-15)). Let p = i + 7. What is the units digit of p?
2
Suppose -5 = -4*f + 7. Suppose f*v - 23 = 25. What is the tens digit of v?
1
Let d(k) = 7*k**2 - 7*k - 9. Let s(x) = 4*x**2 - 3*x - 5. Let m(h) = -3*d(h) + 5*s(h). Let t be m(5). What is the units digit of t - -2*3/2?
0
Suppose 0 = -3*j + j - 18. Let z = j + 25. What is the tens digit of z?
1
Let n(w) = -w. Let i be n(0). Suppose i = -4*h - 5*u + 313, 2*u + 3*u = h - 97. Suppose 4*d + 14 - h = 0. What is the units digit of d?
7
Suppose -8*w + 11*w = 0. Let x = 4 + w. What is the units digit of x?
4
Let u(c) be the second derivative of c**4/6 + c**2 + c. Let m be u(-2). Let v = m - 6. What is the units digit of v?
4
Let a(s) = 2*s + 4. Let k be a(8). Suppose -k - 26 = -2*l. What is the tens digit of l?
2
Suppose -70*g + 180 = -68*g. What is the units digit of g?
0
What is the units digit of (-228)/(-3) + (-2 - -3)?
7
Suppose 135 + 615 = 3*m. What is the hundreds digit of m?
2
Suppose -5*f + 56 + 47 = u, -5*f = 4*u - 112. Suppose m = -3*d + 88 - 3, d - f = -2*m. What is the units digit of d?
0
Let p be (6/10)/((-4)/(-20)). What is the units digit of 2/(-1) - (p + -12)?
7
Let a be -61 - (4 - 1 - 0). Let p = 149 + a. Suppose -p = -3*g + 5*l - 35, 2*g = -2*l + 28. What is the units digit of g?
5
Let w(b) = -7*b**3 - 4*b**2 + b + 4. What is the tens digit of w(-2)?
4
Let o = 3 - 0. Suppose 10 = -k - 2*x, -k + 9 - 22 = o*x. Let v = k - -6. What is the units digit of v?
2
Let v = 9 + -7. Let l(a) = 12*a - 3. What is the tens digit of l(v)?
2
Suppose -2*l + 5 = -l. Suppose l*n + g - 3*g - 17 = 0, -5*g - 20 = -5*n. Suppose n*z + z = 4*x + 52, 2*x + 42 = 3*z. What is the units digit of z?
6
Let o(h) = -h**2 - 6*h - 5. Let i be o(-5). Suppose x - 5*u - 13 = -3*u, x + 2*u = -3. Let v = x - i. What is the units digit of v?
5
Let p(k) = -k**3 - 13*k**2 + 19*k + 27. What is the hundreds digit of p(-15)?
1
Let i be 24/(1 + 2) + -3. Suppose -i*z - 49 = 36. Let q = 35 + z. What is the units digit of q?
8
Suppose 2*s - 3*s = 3. Let y(b) = -2*b**3 - 5*b**2 - 4*b - 4. What is the units digit of y(s)?
7
Suppose -f = 1 - 3. Suppose b - f*b + 17 = 0. What is the tens digit of b?
1
Let j = 41 + -1. What is the tens digit of j?
4
Let m be (5 - 2)*776/12. Suppose -2*a - 74 = -2*r, 0 = 5*r + a + 3*a - m. What is the units digit of 1/(r/36 - 1)?
8
Suppose x + 2*t = 2*x - 35, 0 = 5*x - 3*t - 147. What is the units digit of x?
7
Suppose -2*f = -7*f + 65. Let r = f + -9. Suppose -q + 4*q + 38 = 4*u, 0 = -2*q - r. What is the units digit of u?
8
Suppose -5*n + y + 139 = -77, 20 = 5*y. What is the tens digit of n?
4
Let g = 4 + 0. Suppose -3*t - 2*d = -10, 0 = 5*t - 0*d + 3*d - 